t common factor of 693 and 11.
11
What is the highest common divisor of 32 and 20?
4
What is the greatest common factor of 24025 and 25?
25
What is the greatest common divisor of 5724 and 48?
12
What is the highest common factor of 20 and 2690?
10
What is the highest common factor of 11716 and 116?
116
What is the highest common divisor of 57 and 93?
3
Calculate the greatest common factor of 7 and 175.
7
What is the highest common divisor of 460 and 20?
20
What is the greatest common factor of 504 and 112?
56
Calculate the highest common factor of 374 and 578.
34
What is the highest common factor of 199 and 19?
1
Calculate the greatest common factor of 54016 and 211.
211
Calculate the highest common factor of 3278 and 44.
22
Calculate the highest common factor of 814 and 44.
22
Calculate the highest common divisor of 952 and 350.
14
What is the highest common divisor of 1443 and 208?
13
What is the highest common factor of 169 and 104?
13
Calculate the greatest common divisor of 1118 and 2.
2
What is the highest common factor of 3 and 633?
3
Calculate the greatest common factor of 16 and 168.
8
Calculate the greatest common divisor of 5 and 15605.
5
What is the highest common divisor of 44 and 220?
44
Calculate the greatest common factor of 48 and 804.
12
What is the greatest common factor of 117 and 1?
1
Calculate the highest common divisor of 1680 and 60.
60
What is the highest common divisor of 12462 and 31?
31
What is the greatest common factor of 2173 and 53?
53
Calculate the greatest common divisor of 328 and 10742.
82
What is the greatest common factor of 54 and 22869?
27
Calculate the highest common divisor of 3276 and 42.
42
What is the highest common divisor of 1804 and 44?
44
What is the greatest common factor of 91 and 24115?
91
Calculate the highest common factor of 4 and 596.
4
Calculate the greatest common factor of 1435 and 70.
35
Calculate the highest common factor of 880 and 9020.
220
What is the highest common factor of 25 and 100?
25
Calculate the greatest common divisor of 205 and 1927.
41
Calculate the highest common factor of 2040 and 1470.
30
Calculate the greatest common factor of 222 and 777.
111
What is the greatest common divisor of 15 and 15?
15
Calculate the highest common divisor of 1630 and 30.
10
Calculate the greatest common divisor of 4141 and 41.
41
What is the highest common factor of 715 and 65?
65
Calculate the highest common factor of 242 and 176.
22
What is the greatest common factor of 54 and 2241?
27
What is the highest common factor of 53638 and 26?
26
Calculate the highest common divisor of 8128 and 256.
64
What is the greatest common factor of 80 and 65120?
80
What is the greatest common divisor of 5299 and 35?
7
Calculate the highest common factor of 5 and 160.
5
What is the greatest common divisor of 154 and 506?
22
What is the greatest common factor of 11 and 2827?
11
Calculate the greatest common factor of 7956 and 13.
13
What is the greatest common divisor of 40 and 1712?
8
Calculate the greatest common divisor of 66 and 2244.
66
What is the highest common factor of 1820 and 3380?
260
What is the greatest common divisor of 47 and 47?
47
What is the highest common divisor of 4 and 5996?
4
Calculate the greatest common factor of 15596 and 14.
14
What is the greatest common factor of 46 and 1403?
23
Calculate the highest common divisor of 113 and 22487.
113
What is the highest common divisor of 33 and 671?
11
What is the greatest common divisor of 10370 and 488?
122
Calculate the greatest common divisor of 4 and 5556.
4
Calculate the greatest common divisor of 200 and 75.
25
Calculate the highest common factor of 689 and 2.
1
What is the greatest common factor of 84 and 24?
12
What is the highest common divisor of 16121 and 47?
47
Calculate the highest common divisor of 10434 and 222.
222
What is the greatest common divisor of 65 and 208?
13
What is the highest common factor of 3450 and 414?
138
Calculate the greatest common divisor of 130 and 715.
65
What is the highest common factor of 405 and 2610?
45
Calculate the highest common divisor of 68 and 629.
17
What is the greatest common factor of 2444 and 52?
52
Calculate the greatest common divisor of 52 and 2834.
26
What is the greatest common factor of 89 and 7209?
89
What is the greatest common divisor of 136 and 935?
17
What is the highest common divisor of 2 and 27?
1
Calculate the highest common factor of 32 and 35936.
32
Calculate the highest common divisor of 203 and 87.
29
What is the highest common factor of 384 and 8?
8
Calculate the greatest common factor of 213 and 3337.
71
What is the greatest common factor of 143 and 396?
11
Calculate the highest common factor of 44 and 7612.
44
Calculate the highest common factor of 76 and 2812.
76
Calculate the greatest common factor of 35646 and 78.
78
What is the highest common factor of 23 and 621?
23
What is the highest common factor of 9071 and 772?
193
What is the highest common factor of 1482 and 156?
78
Calculate the greatest common factor of 7242 and 68.
34
What is the highest common divisor of 2 and 46?
2
What is the highest common divisor of 32 and 104?
8
What is the greatest common divisor of 126 and 1953?
63
What is the greatest common factor of 9 and 963?
9
Calculate the greatest common divisor of 1422 and 72.
18
What is the greatest common factor of 143 and 77?
11
What is the greatest common factor of 26 and 14339?
13
Calculate the greatest common divisor of 29 and 2552.
29
What is the greatest common factor of 264 and 594?
66
What is the highest common divisor of 15 and 1695?
15
What is the greatest common factor of 494 and 1274?
26
What is the greatest common factor of 7965 and 540?
135
Calculate the highest common factor of 715 and 1045.
55
What is the greatest common divisor of 1430 and 44?
22
What is the greatest common factor of 48 and 138?
6
What is the highest common divisor of 15 and 85?
5
Calculate the greatest common divisor of 9 and 3249.
9
Calculate the greatest common divisor of 34 and 8.
2
What is the greatest common divisor of 153 and 9?
9
Calculate the highest common factor of 80 and 1420.
20
What is the greatest common divisor of 13 and 6877?
13
What is the highest common divisor of 57 and 32205?
57
What is the greatest common factor of 96 and 672?
96
Calculate the greatest common factor of 1008 and 7.
7
Calculate the highest common factor of 190 and 30.
10
Calculate the highest common divisor of 453 and 4379.
151
What is the greatest common factor of 23 and 1863?
23
Calculate the highest common factor of 72 and 4716.
36
Calculate the greatest common divisor of 514 and 2.
2
Calculate the highest common factor of 210 and 462.
42
Calculate the greatest common divisor of 1659 and 14.
7
What is the highest common divisor of 960 and 144?
48
Calculate the greatest common divisor of 76 and 76.
76
What is the greatest common factor of 7 and 266?
7
Calculate the greatest common divisor of 116 and 24476.
116
Calculate the highest common factor of 7 and 329.
7
Calculate the greatest common divisor of 15 and 381.
3
What is the greatest common factor of 20698 and 158?
158
What is the greatest common factor of 98 and 686?
98
Calculate the greatest common divisor of 24 and 21408.
24
Calculate the highest common divisor of 575 and 75.
25
What is the greatest common factor of 41 and 287?
41
What is the greatest common divisor of 1 and 2?
1
What is the greatest common divisor of 4 and 452?
4
What is the highest common factor of 24 and 40?
8
Calculate the highest common factor of 150 and 48225.
75
Calculate the greatest common divisor of 70 and 10.
10
What is the greatest common factor of 15934 and 62?
62
What is the greatest common factor of 7 and 14?
7
Calculate the highest common factor of 98 and 441.
49
Calculate the greatest common divisor of 49 and 49.
49
What is the greatest common divisor of 190 and 152?
38
Calculate the greatest common factor of 300 and 24.
12
Calculate the highest common divisor of 2400 and 225.
75
Calculate the highest common divisor of 24 and 10332.
12
Calculate the highest common divisor of 5625 and 135.
45
What is the greatest common factor of 23830 and 10?
10
What is the greatest common divisor of 2944 and 92?
92
What is the highest common diviso